 z and g.
4
Let z = 611 + -351. Suppose -5*c = -302 - 88. Let j be (c/(-15))/((-3)/15). What is the highest common factor of j and z?
26
Let g be 6*(-6)/9 - -1. Let k = g - -1. Let q be ((-9)/2 + k)*-2. Calculate the greatest common divisor of 117 and q.
13
Let r(x) = x**2 - 5*x + 1. Let c be r(2). Let j = c + 6. Let k be (0 - 9/(-3)) + j. Calculate the greatest common factor of k and 28.
4
Suppose -180 = -w - h - 2*h, 4*h - 16 = 0. What is the highest common factor of w and 24?
24
Let i be (-9)/(396/(-8)) + 548/11. Calculate the greatest common divisor of i and 10.
10
Let y = -577 - -1029. Let s = -277 + y. Let m be (3 - 93/6)*-2. What is the highest common divisor of s and m?
25
Suppose 153 = 3*w + 384. Let o be (2 + -4)*w/2. Suppose 0 - 22 = -2*u. What is the highest common factor of u and o?
11
Let w be (-1)/((2/12)/(-1)). Suppose -5*c + 18 = -2*c. What is the highest common divisor of w and c?
6
Let i(m) = m**2 - m + 2. Let d be i(4). Suppose -l + d = -0*l. What is the greatest common divisor of 126 and l?
14
Let u = -1 + 0. Let x = -121 - u. Let s be (18/15)/((-9)/x). What is the greatest common divisor of s and 24?
8
Let g be (3 + (-13)/3)/(-2)*84. What is the greatest common divisor of 32 and g?
8
Let q = 60 + -23. Calculate the greatest common divisor of 37 and q.
37
Let i = -64 + 79. Calculate the greatest common factor of 135 and i.
15
Let a be 51/9 - 4/6. Suppose 2*u + t = 2*t + 156, 3*t - 412 = -a*u. Calculate the highest common divisor of u and 32.
16
Let k be 0*-3*2/(-12). Let l = k - 0. Suppose l - 1 = -s. Calculate the highest common factor of 1 and s.
1
Let l = 3 - -5. What is the greatest common factor of l and 1?
1
Let a(l) = 13*l - 4. Let i be a(10). What is the highest common divisor of 21 and i?
21
Let b = 12 + -8. Suppose b*j - 29 - 15 = 0. Let u = -8 + j. Calculate the greatest common divisor of 24 and u.
3
Suppose -5 = -5*o - 5*m + 50, 3*m - 6 = 0. Calculate the highest common factor of o and 72.
9
Let a(x) = x**3 + 3*x**2 - 2*x - 1. Let s be a(-3). Suppose -s*o + 8 + 12 = 0. Calculate the highest common divisor of o and 12.
4
Let t = -17 + 25. Suppose 3 - t = -z. Let i(x) = -x**2 + 6*x + 4. Let k be i(z). Calculate the highest common factor of k and 72.
9
Let s be (3 - 1)/((-2)/(-2)). Let f(v) = -2 + 2*v**3 + v**2 - 2*v**s + 1. Let l be f(2). Calculate the greatest common divisor of 121 and l.
11
Suppose 0 = -3*h + 4*s - s - 3, -h = s - 5. Suppose h*r - 40 = 24. Calculate the greatest common divisor of r and 4.
4
Let n(x) = -4 + 7*x + x**2 + 1 - 2*x**2. Let l be n(4). What is the highest common divisor of l and 63?
9
Let w be (-6 - 1)*(1*-4 + 3). Calculate the highest common factor of w and 98.
7
Let h = -20 + 32. Let w be (-6)/10*5*-1. What is the greatest common factor of w and h?
3
Suppose -2*c = -3*c + 2*u + 11, u - 8 = -c. Calculate the highest common factor of 36 and c.
9
Suppose 0 = -5*s + 2*r - 2 - 0, -2*r = -4*s - 2. Let v be 1/1 + s + -1. Suppose -3*x + 17 + 37 = v. What is the greatest common factor of x and 27?
9
Suppose -21 - 15 = -4*x. Suppose 0 = 4*z - x*z - 10. Let u be (z/5)/(2/(-40)). What is the greatest common divisor of 4 and u?
4
Let b(l) = -l**3 + 12*l**2 - 3*l - 2. Let d be b(11). Suppose u - 263 = -4*y, 3*y - 5*u = d + 117. Calculate the highest common factor of y and 44.
22
Let q be 16*-6*(-4)/12. Calculate the highest common divisor of q and 352.
32
Suppose 2*j = 4*n + 2, 0*n = 3*j + 4*n - 33. Calculate the highest common factor of 7 and j.
7
Suppose 0 = -11*r + 28 + 115. Suppose -5*d + 3*d - 104 = 0. Let y be 54/4*d/(-6). Calculate the highest common factor of r and y.
13
Suppose -6*u + u = 25. Let k = u - -8. What is the highest common divisor of 24 and k?
3
Suppose 2*k - 18 = -0*k. Let v be (-1)/(1 + 0) - -10. Calculate the greatest common divisor of v and k.
9
Let s(p) = -p**2 + 15*p + 19. Let y be s(14). Let r be 572/y - (-4)/6. What is the greatest common divisor of 18 and r?
18
Suppose 25 = 4*k - 3*u, 0*u = 3*u + 9. Let o be 6/k - (-6)/4. Calculate the highest common divisor of 2 and o.
1
Let i be (20/4 - 3)/2. Suppose 4*h = 8, 3*q + 20 = -q + 4*h. Let c be 3/9 - 23/q. What is the highest common divisor of i and c?
1
Let i = 10 + 23. What is the greatest common divisor of i and 11?
11
Let n = -15 + 27. Calculate the highest common factor of 18 and n.
6
Let o be 62/4 - (-2)/(-4). Let q = 0 + 15. Let j = q + -12. What is the highest common factor of j and o?
3
Suppose 4*p + 2*s + 9 = 157, s = -p + 37. Suppose -5*f = -212 + p. Let t(z) = 2*z**2 + 2*z + 3. Let x be t(-2). What is the highest common factor of x and f?
7
Suppose 2 = -u + 14. Suppose i - 2 + 5 = 0, 5*i = 5*s - 25. Suppose -s*r = -84 - 108. What is the highest common factor of u and r?
12
Let i be 8/(-20) - 154/(-10). Let k = 178 - 94. Let n = k - 24. Calculate the highest common divisor of n and i.
15
Suppose 0 = -5*u + v + 424, 3*u = u - 5*v + 148. Suppose -4*w - 13 = -97. What is the highest common factor of w and u?
21
Suppose -2*l = 4*q - 20, 2 = -q + 1. Let i be (5/(-3))/(3/(-9)). Suppose -i*c + 217 - 67 = 0. What is the highest common divisor of c and l?
6
Let v be 2*(-28)/(-24)*6. What is the greatest common factor of v and 42?
14
Let g be 47/4 + 2/8. Let p = -23 - -25. Suppose -b - 27 = -p*j, -5*j + 29 = b - 28. Calculate the highest common divisor of g and j.
12
Let m(d) = 2*d**2 + d - 19. Let s be m(4). What is the greatest common factor of 34 and s?
17
Let h = -66 + 80. Calculate the highest common divisor of h and 4.
2
Let s be (-1*4)/((-3)/132). Calculate the highest common divisor of s and 16.
16
Let w(b) = b + 1. Let a = 7 - 3. Let d be w(a). Suppose -i + 139 = 4*j, -d*i = -i - 2*j - 574. What is the highest common factor of i and 13?
13
Let f be (2/2 - -1) + 0. Suppose -a - 68 = -0*z - f*z, -4*z - 4*a + 124 = 0. Calculate the greatest common divisor of 3 and z.
3
Suppose 2*q - 6 = -0*q. Suppose -q*t = -5*t + 130. Suppose 17 = 2*i + 4*s + 7, -t = -5*i - 2*s. What is the highest common divisor of 105 and i?
15
Suppose 99 = 4*z - z. Let h = -18 + z. What is the greatest common divisor of 30 and h?
15
Let k(y) = 2*y + 8. Let l(q) = -q - 4. Let p(f) = -2*k(f) - 5*l(f). Let x be p(6). What is the highest common factor of 4 and x?
2
Let u = 6 + 14. Calculate the highest common divisor of u and 220.
20
Suppose -2*k + 4*g + 64 = 0, 3*k - 2*g - 118 = -7*g. Let z be 8/(-10)*30/(-2). What is the highest common factor of k and z?
12
Suppose 4*k - 561 - 139 = 0. Calculate the highest common factor of 25 and k.
25
Let p be (20/(-8) + 3)*-2. Let s be (-2 - -3)*(-11)/p. Calculate the greatest common divisor of s and 99.
11
Let b = 29 + -9. Suppose -4 = 3*z - z. Let m be 13 + z + 2 + -3. What is the greatest common divisor of b and m?
10
Suppose -3*s + 59 = 4*x, -2*s - x + 54 = -2*x. Let w be (12/5)/(2/s). Calculate the highest common divisor of 20 and w.
10
Let a(t) = 36*t**2. Let q be a(1). Calculate the highest common factor of q and 90.
18
Suppose 0 = 3*u - 4*u - 3. Let w be (-80)/(-24) - 2/u. Suppose 0 = k + w*k - 50. What is the highest common divisor of 4 and k?
2
Let l = 152 + -108. Suppose 4*n + 0*n - 440 = 0. Calculate the highest common divisor of l and n.
22
Suppose -2*z = 5*q - 24, 3*z + z + 5*q - 28 = 0. Calculate the highest common factor of 10 and z.
2
Let o = 21 + -11. Let u(k) = 45*k**3 + k. Let c be u(-1). Let x = 66 + c. Calculate the greatest common divisor of x and o.
10
Let p be (-3)/(-6)*(-7 + 1). Let l be 8/(-2) + 51/(-3). Let z be 2/p + (-959)/l. What is the greatest common factor of z and 5?
5
Let o be 12 - (3 + -4 + -1). Calculate the greatest common divisor of 126 and o.
14
Let x be (-6)/(-8) + 500/16. Calculate the highest common factor of x and 16.
16
Suppose -2*d = -k + 8, 2*d + 3 = 2*k - 11. Calculate the highest common factor of k and 3.
3
Suppose 4*f - 776 = -244. What is the greatest common divisor of 7 and f?
7
Let m(o) = o**2 - 5*o + 1. Let l be m(7). Let k be 276/l - 4/10. Let u = 2 + k. What is the highest common factor of 50 and u?
10
Suppose u - 30 = 19. Suppose l - 5*h + 2*h = -5, -2*h + 29 = 3*l. Calculate the highest common factor of u and l.
7
Suppose 5*i - 45 = 4*o - 12, -i = -o - 7. Suppose 4*w - 41 = -k, -5*w + 2*k + 40 = i. Calculate the highest common factor of w and 1.
